{"id":3958,"date":"2025-05-05T10:51:51","date_gmt":"2025-05-05T10:51:51","guid":{"rendered":"https:\/\/feministischerstreik-sg.ch\/?page_id=3958"},"modified":"2025-05-05T20:32:11","modified_gmt":"2025-05-05T20:32:11","slug":"forderungen-2025","status":"publish","type":"page","link":"https:\/\/feministischerstreik-sg.ch\/?page_id=3958","title":{"rendered":"Forderungen 2025"},"content":{"rendered":"\t\t<div data-elementor-type=\"wp-post\" data-elementor-id=\"3958\" class=\"elementor elementor-3958\">\n\t\t\t\t\t\t<section class=\"elementor-section elementor-top-section elementor-element elementor-element-0ed9e2f elementor-section-boxed elementor-section-height-default elementor-section-height-default\" data-id=\"0ed9e2f\" data-element_type=\"section\">\n\t\t\t\t\t\t<div class=\"elementor-container elementor-column-gap-extended\">\n\t\t\t\t\t<div class=\"elementor-column elementor-col-100 elementor-top-column elementor-element elementor-element-b33f5b7\" data-id=\"b33f5b7\" data-element_type=\"column\">\n\t\t\t<div class=\"elementor-widget-wrap elementor-element-populated\">\n\t\t\t\t\t\t<div class=\"elementor-element elementor-element-9b5f7a3 elementor-widget elementor-widget-heading\" data-id=\"9b5f7a3\" data-element_type=\"widget\" data-widget_type=\"heading.default\">\n\t\t\t\t<div class=\"elementor-widget-container\">\n\t\t\t\t\t<h2 class=\"elementor-heading-title elementor-size-default\">Forderungen Streikkollektiv St.Gallen<\/h2>\t\t\t\t<\/div>\n\t\t\t\t<\/div>\n\t\t\t\t\t<\/div>\n\t\t<\/div>\n\t\t\t\t\t<\/div>\n\t\t<\/section>\n\t\t\t\t<section class=\"elementor-section elementor-top-section elementor-element elementor-element-b07bdd9 elementor-section-boxed elementor-section-height-default elementor-section-height-default\" data-id=\"b07bdd9\" data-element_type=\"section\">\n\t\t\t\t\t\t<div class=\"elementor-container elementor-column-gap-default\">\n\t\t\t\t\t<div class=\"elementor-column elementor-col-100 elementor-top-column elementor-element elementor-element-34f3c59\" data-id=\"34f3c59\" data-element_type=\"column\">\n\t\t\t<div class=\"elementor-widget-wrap elementor-element-populated\">\n\t\t\t\t\t\t<div class=\"elementor-element elementor-element-d06c395 elementor-widget elementor-widget-heading\" data-id=\"d06c395\" data-element_type=\"widget\" data-widget_type=\"heading.default\">\n\t\t\t\t<div class=\"elementor-widget-container\">\n\t\t\t\t\t<h3 class=\"elementor-heading-title elementor-size-default\"><br>Faire L\u00f6hne - Faire Renten<\/h3>\t\t\t\t<\/div>\n\t\t\t\t<\/div>\n\t\t\t\t\t<\/div>\n\t\t<\/div>\n\t\t\t\t\t<\/div>\n\t\t<\/section>\n\t\t\t\t<section class=\"elementor-section elementor-top-section elementor-element elementor-element-7bcb490 elementor-section-boxed elementor-section-height-default elementor-section-height-default\" data-id=\"7bcb490\" data-element_type=\"section\">\n\t\t\t\t\t\t<div class=\"elementor-container elementor-column-gap-default\">\n\t\t\t\t\t<div class=\"elementor-column elementor-col-100 elementor-top-column elementor-element elementor-element-d37f510\" data-id=\"d37f510\" data-element_type=\"column\">\n\t\t\t<div class=\"elementor-widget-wrap elementor-element-populated\">\n\t\t\t\t\t\t<div class=\"elementor-element elementor-element-7efb5cb elementor-widget elementor-widget-text-editor\" data-id=\"7efb5cb\" data-element_type=\"widget\" data-widget_type=\"text-editor.default\">\n\t\t\t\t<div class=\"elementor-widget-container\">\n\t\t\t\t\t\t\t\t\t<p>Die Schweiz z\u00e4hlt zu den reichsten L\u00e4ndern Europas, doch in Sachen berufliche Gleichstellung liegt sie weit zur\u00fcck. Laut dem \u00abGlass-Ceiling Index\u00bb des <em>Economist<\/em> (M\u00e4rz 2025) geh\u00f6rt die Schweiz zu den Schlusslichtern Europas. Sie belegt den entt\u00e4uschenden 26. Rang von 29 OECD-L\u00e4ndern. Frauen verdienen weniger, leisten den Grossteil der unbezahlten Care-Arbeit und sind in F\u00fchrungspositionen klar untervertreten.<\/p><p>Diese unbezahlte Arbeit \u2013 oft unsichtbar, aber systemrelevant \u2013 entspricht laut Bundesamt f\u00fcr Statistik einem Wert von rund 250 Milliarden Franken pro Jahr (Stand 2020). Zum Vergleich: Das ist mehr als ein Drittel des Schweizer Bruttoinlandprodukts.<\/p><p>Die Folgen dieser Ungleichheit zeigen sich auch im Alter: Frauen erhalten rund einen Drittel weniger Rente und sind fast doppelt so h\u00e4ufig von Altersarmut betroffen wie M\u00e4nner. Es braucht weiterhin den Druck der Zivilgesellschaft, um das zu \u00e4ndern.<\/p><p><strong>\u00a0<\/strong><\/p><p><strong>Wir fordern:<\/strong><\/p><ul><li><strong>Gleiche L\u00f6hne f\u00fcr gleiche Arbeit<\/strong><\/li><li><strong>Anerkennung der Care-Arbeit auf dem Arbeitsmarkt und bei Sozialversicherungen<\/strong><\/li><li><strong>Flexible Familienzeit und bezahlbare Kita-Pl\u00e4tze, <\/strong>um die Vereinbarkeit von Familie und Beruf zu f\u00f6rdern und die Gleichstellung zu verbessern<\/li><li><strong>St\u00e4rkung der AHV <\/strong>\u2013 Denn sie schafft einen Ausgleich, w\u00e4hrend die 2. S\u00e4ule die Ungleichheit noch verst\u00e4rkt.<\/li><\/ul>\t\t\t\t\t\t\t\t<\/div>\n\t\t\t\t<\/div>\n\t\t\t\t\t<\/div>\n\t\t<\/div>\n\t\t\t\t\t<\/div>\n\t\t<\/section>\n\t\t\t\t<section class=\"elementor-section elementor-top-section elementor-element elementor-element-44185de elementor-section-boxed elementor-section-height-default elementor-section-height-default\" data-id=\"44185de\" data-element_type=\"section\">\n\t\t\t\t\t\t<div class=\"elementor-container elementor-column-gap-default\">\n\t\t\t\t\t<div class=\"elementor-column elementor-col-100 elementor-top-column elementor-element elementor-element-1e94604\" data-id=\"1e94604\" data-element_type=\"column\">\n\t\t\t<div class=\"elementor-widget-wrap elementor-element-populated\">\n\t\t\t\t\t\t<div class=\"elementor-element elementor-element-0da5b27 elementor-widget elementor-widget-heading\" data-id=\"0da5b27\" data-element_type=\"widget\" data-widget_type=\"heading.default\">\n\t\t\t\t<div class=\"elementor-widget-container\">\n\t\t\t\t\t<h3 class=\"elementor-heading-title elementor-size-default\"><br>Schutz vor Diskriminierung, Gewalt und Sexismus<\/h3>\t\t\t\t<\/div>\n\t\t\t\t<\/div>\n\t\t\t\t\t<\/div>\n\t\t<\/div>\n\t\t\t\t\t<\/div>\n\t\t<\/section>\n\t\t\t\t<section class=\"elementor-section elementor-top-section elementor-element elementor-element-e553668 elementor-section-boxed elementor-section-height-default elementor-section-height-default\" data-id=\"e553668\" data-element_type=\"section\">\n\t\t\t\t\t\t<div class=\"elementor-container elementor-column-gap-default\">\n\t\t\t\t\t<div class=\"elementor-column elementor-col-100 elementor-top-column elementor-element elementor-element-40a4217\" data-id=\"40a4217\" data-element_type=\"column\">\n\t\t\t<div class=\"elementor-widget-wrap elementor-element-populated\">\n\t\t\t\t\t\t<div class=\"elementor-element elementor-element-dddc695 elementor-widget elementor-widget-text-editor\" data-id=\"dddc695\" data-element_type=\"widget\" data-widget_type=\"text-editor.default\">\n\t\t\t\t<div class=\"elementor-widget-container\">\n\t\t\t\t\t\t\t\t\t<p>Gewalt gegen Frauen, intersexuelle, nicht-bin\u00e4re, trans, agender und genderqueere Personen (FINTAQ*) ist in der Schweiz traurige Realit\u00e4t und Ausdruck tiefverwurzelter Ungleichheit. Im Jahr 2025 wurden bis zum 10. April in der Schweiz bereits 14 Frauen ermordet \u2013 weil sie Frauen sind. Das entspricht fast einem Femizid pro Woche. In den vergangenen Jahren wurde im Schnitt alle zwei Wochen eine Frau von ihrem (Ex-)Partner, Bruder oder Sohn get\u00f6tet. Jede Woche \u00fcberlebt eine Frau einen T\u00f6tungsversuch \u2013 mit hoher Dunkelziffer.<\/p><p>Sexualisierte Gewalt ist weit verbreitet \u2013 und trifft nicht alle gleich. Jede f\u00fcnfte Frau in der Schweiz erlebt im Laufe ihres Lebens sexualisierte Gewalt. Vier von f\u00fcnf Frauen haben schon sexuelle Bel\u00e4stigungen erlebt. F\u00fcr nicht-bin\u00e4re, trans, inter oder agender Personen, ebenso wie f\u00fcr Frauen und Queers mit Behinderungen, Flucht- oder Migrationsgeschichte oder als BIPoC, ist das Risiko noch h\u00f6her. Sie sind mehrfach diskriminiert \u2013 durch ein System, das sie nicht ausreichend sch\u00fctzt.<\/p><p>Sexualisierte Gewalt ist ein gesellschaftliches Problem und das Resultat der bestehenden Ungleichbehandlung der Geschlechter. Statt die Betroffenen ernst zu nehmen, sch\u00fctzt unsere Gesellschaft oft die T\u00e4ter. Noch immer herrscht eine \u00abRape Culture\u00bb, die Gewalt verharmlost und den Opfern die Schuld zuschiebt. Die Scham muss endlich die Seite wechseln.<\/p><p>\u00a0<\/p><p><strong>Wir fordern:<\/strong><\/p><ul><li><strong>Konsequente Umsetzung der Istanbul-Konvention<\/strong> \u2013 f\u00fcr umfassenden Schutz vor geschlechtsspezifischer Gewalt<\/li><li><strong>Effektive Schutzmassnahmen f\u00fcr Betroffene<\/strong>, inklusive besser finanzierter Frauenh\u00e4user mit gen\u00fcgend Pl\u00e4tzen und unabh\u00e4ngige Opferberatungsstellen<\/li><li><strong>Fl\u00e4chendeckende Pr\u00e4ventions- und Bildungsangebote<\/strong>, die patriarchale Gewaltstrukturen hinterfragen und abbauen<\/li><li><strong>Rechtliche Klarheit und Konsequenz: <\/strong>Femizide als eigenen Straftatbestand anerkennen und sichtbar machen, Einf\u00fchrung des Prinzips <strong>\u00abNur Ja heisst Ja\u00bb<\/strong> als gesetzliche Grundlage<\/li><li><strong>Betroffenenzentrierte Strafverfolgung<\/strong>: traumasensibel, diskriminierungsfrei und mit verpflichtender Aus- und Weiterbildung f\u00fcr Polizei, Justiz- und Fachpersonen<\/li><\/ul><p>Diese Massnahmen kosten. Darum fordern feministische Organisationen \u2013 darunter die verschiedenen feministischen Streikkollektive \u2013 in einer im M\u00e4rz 2025 eingereichten Petition 350 Millionen Franken vom Bundesrat \u00abf\u00fcr unsere Sicherheit\u00bb.<\/p>\t\t\t\t\t\t\t\t<\/div>\n\t\t\t\t<\/div>\n\t\t\t\t\t<\/div>\n\t\t<\/div>\n\t\t\t\t\t<\/div>\n\t\t<\/section>\n\t\t\t\t<section class=\"elementor-section elementor-top-section elementor-element elementor-element-13d04c6 elementor-section-boxed elementor-section-height-default elementor-section-height-default\" data-id=\"13d04c6\" data-element_type=\"section\">\n\t\t\t\t\t\t<div class=\"elementor-container elementor-column-gap-default\">\n\t\t\t\t\t<div class=\"elementor-column elementor-col-100 elementor-top-column elementor-element elementor-element-1ee84bc\" data-id=\"1ee84bc\" data-element_type=\"column\">\n\t\t\t<div class=\"elementor-widget-wrap elementor-element-populated\">\n\t\t\t\t\t\t<div class=\"elementor-element elementor-element-5b6965e elementor-widget elementor-widget-heading\" data-id=\"5b6965e\" data-element_type=\"widget\" data-widget_type=\"heading.default\">\n\t\t\t\t<div class=\"elementor-widget-container\">\n\t\t\t\t\t<h3 class=\"elementor-heading-title elementor-size-default\"><br>Recht auf Selbstbestimmung und Gesundheit<\/h3>\t\t\t\t<\/div>\n\t\t\t\t<\/div>\n\t\t\t\t\t<\/div>\n\t\t<\/div>\n\t\t\t\t\t<\/div>\n\t\t<\/section>\n\t\t\t\t<section class=\"elementor-section elementor-top-section elementor-element elementor-element-8285464 elementor-section-boxed elementor-section-height-default elementor-section-height-default\" data-id=\"8285464\" data-element_type=\"section\">\n\t\t\t\t\t\t<div class=\"elementor-container elementor-column-gap-default\">\n\t\t\t\t\t<div class=\"elementor-column elementor-col-100 elementor-top-column elementor-element elementor-element-f957a39\" data-id=\"f957a39\" data-element_type=\"column\">\n\t\t\t<div class=\"elementor-widget-wrap elementor-element-populated\">\n\t\t\t\t\t\t<div class=\"elementor-element elementor-element-bdcf80b elementor-widget elementor-widget-text-editor\" data-id=\"bdcf80b\" data-element_type=\"widget\" data-widget_type=\"text-editor.default\">\n\t\t\t\t<div class=\"elementor-widget-container\">\n\t\t\t\t\t\t\t\t\t<p>Der Zugang zu medizinischer Versorgung muss frei von Diskriminierung sein. Ein Schwangerschaftsabbruch ist bis zur 12. Woche zwar unter bestimmten Bedingungen straffrei. Grunds\u00e4tzlich ist in der Schweiz ein Schwangerschaftsabbruch weiterhin eine Straftat, da er im Strafgesetzbuch steht. Eine Abtreibung ist kein Verbrechen, sondern ein Grundrecht auf k\u00f6rperliche und reproduktive Selbstbestimmung.<\/p>\n<p>Zudem basiert die medizinische Forschung und Versorgung noch immer auf der Norm des gesunden, weissen cis-Mannes. Das f\u00fchrt dazu, dass Frauen, FINTA-Personen und Queers in der Gesundheitsversorgung \u00fcbersehen, falsch behandelt oder diskriminiert werden. Diagnosen erfolgen sp\u00e4ter, Schmerzen werden weniger ernst genommen, spezifische Bed\u00fcrfnisse werden ignoriert. Besonders queere Menschen, BIPoC (Black People, Indigenous People and People of Colour) und Menschen mit Behinderungen erleben h\u00e4ufig strukturelle Diskriminierung im Gesundheitswesen.<\/p>\n<p><\/p>\n<p><strong><br><\/strong><\/p><p><strong>Wir fordern:<\/strong><\/p>\n<ul>\n<li><strong>Entkriminalisierung des Schwangerschaftsabbruchs<\/strong> \u2013 raus aus dem Strafgesetzbuch, als Grundrecht in die Verfassung<\/li>\n<li><strong>Fl\u00e4chendeckende, gut finanzierte Zentren f\u00fcr sexuelle und reproduktive Gesundheit<\/strong><\/li>\n<li><strong>Gendergerechte und queersensible Gesundheitsversorgung<\/strong> \u2013 in Forschung, Ausbildung und Praxis<\/li>\n<li><strong>Diskriminierungskritische Weiterbildung<\/strong> f\u00fcr medizinisches Fachpersonal<\/li>\n<\/ul>\n<div><br><\/div>\n<div><br><\/div>\t\t\t\t\t\t\t\t<\/div>\n\t\t\t\t<\/div>\n\t\t\t\t\t<\/div>\n\t\t<\/div>\n\t\t\t\t\t<\/div>\n\t\t<\/section>\n\t\t\t\t<\/div>\n\t\t","protected":false},"excerpt":{"rendered":"<p>Forderungen Streikkollektiv St.Gallen Faire L\u00f6hne &#8211; Faire Renten Die Schweiz z\u00e4hlt zu den reichsten L\u00e4ndern Europas, doch in Sachen berufliche Gleichstellung liegt sie weit zur\u00fcck. Laut dem \u00abGlass-Ceiling Index\u00bb des Economist (M\u00e4rz 2025) geh\u00f6rt die Schweiz zu den Schlusslichtern Europas. Sie belegt den entt\u00e4uschenden 26. Rang von 29 OECD-L\u00e4ndern. Frauen verdienen weniger, leisten den Grossteil&hellip;&nbsp;<a href=\"https:\/\/feministischerstreik-sg.ch\/?page_id=3958\" rel=\"bookmark\">Weiterlesen &raquo;<span class=\"screen-reader-text\">Forderungen 2025<\/span><\/a><\/p>\n","protected":false},"author":1,"featured_media":0,"parent":1042,"menu_order":0,"comment_status":"closed","ping_status":"closed","template":"elementor_header_footer","meta":{"neve_meta_sidebar":"","neve_meta_container":"","neve_meta_enable_content_width":"off","neve_meta_content_width":0,"neve_meta_title_alignment":"","neve_meta_author_avatar":"","neve_post_elements_order":"","neve_meta_disable_header":"","neve_meta_disable_footer":"","neve_meta_disable_title":"","footnotes":""},"class_list":["post-3958","page","type-page","status-publish","hentry"],"_links":{"self":[{"href":"https:\/\/feministischerstreik-sg.ch\/index.php?rest_route=\/wp\/v2\/pages\/3958","targetHints":{"allow":["GET"]}}],"collection":[{"href":"https:\/\/feministischerstreik-sg.ch\/index.php?rest_route=\/wp\/v2\/pages"}],"about":[{"href":"https:\/\/feministischerstreik-sg.ch\/index.php?rest_route=\/wp\/v2\/types\/page"}],"author":[{"embeddable":true,"href":"https:\/\/feministischerstreik-sg.ch\/index.php?rest_route=\/wp\/v2\/users\/1"}],"replies":[{"embeddable":true,"href":"https:\/\/feministischerstreik-sg.ch\/index.php?rest_route=%2Fwp%2Fv2%2Fcomments&post=3958"}],"version-history":[{"count":25,"href":"https:\/\/feministischerstreik-sg.ch\/index.php?rest_route=\/wp\/v2\/pages\/3958\/revisions"}],"predecessor-version":[{"id":3992,"href":"https:\/\/feministischerstreik-sg.ch\/index.php?rest_route=\/wp\/v2\/pages\/3958\/revisions\/3992"}],"up":[{"embeddable":true,"href":"https:\/\/feministischerstreik-sg.ch\/index.php?rest_route=\/wp\/v2\/pages\/1042"}],"wp:attachment":[{"href":"https:\/\/feministischerstreik-sg.ch\/index.php?rest_route=%2Fwp%2Fv2%2Fmedia&parent=3958"}],"curies":[{"name":"wp","href":"https:\/\/api.w.org\/{rel}","templated":true}]}}